b = -4*q + 14, 2 = b. Suppose 3*t = 3*l - 24, 6*t - 10 = t - q*l. Calculate m(t).
-7
Let y(f) = 54*f - f**2 - 37*f + 1 + 13 - 1. What is y(19)?
-25
Let l(r) = 2*r**2 + 719*r + 7 - 1461*r + 729*r + 11 - 5. Determine l(1).
2
Suppose 0 = 12*h - 7*h - 490. Let q = -101 + h. Let n(d) = -2*d - 3. Let k(p) = p + 2. Let w(y) = -5*k(y) - 2*n(y). Determine w(q).
-1
Let m = -36696 + 36699. Let b(t) = t**3 - 4*t**2 + 6*t - 7. Give b(m).
2
Let y(h) = 8*h**3 + 9*h**2 + 2*h + 41. Let d(v) = 2*v**3 + v + 1. Let a(r) = -5*d(r) + y(r). Let u be a(5). Let j(z) = -3*z - 11. Calculate j(u).
1
Let v(q) = -q**2 + 10*q - 12. Let s be (19/38)/((-3)/(-54)) - 1. What is v(s)?
4
Let v be (5379/(-326))/((-3)/(-6)). Let z(w) = 23*w + 758. Calculate z(v).
-1
Suppose 16 = 4*z - s - 27, -4*z + 3*s + 49 = 0. Let y(c) be the first derivative of -c**2 + 10*c + 10. Calculate y(z).
-10
Let j(r) be the first derivative of r**4/4 - 23*r**3 - 67*r**2/2 - 207*r + 919. Determine j(70).
3
Suppose -z = -3*j + 23, j - 2*z = -3*j + 34. Suppose 15 + j = 3*w. Let n(f) be the first derivative of -f**2/2 + 10*f - 110. Calculate n(w).
3
Suppose -5*m = z - 493, 0 = -7*z + 10*z - 2*m - 1496. Suppose -497*g + 8 = -z*g. Let k(b) = -2*b - 15. Give k(g).
1
Let q(j) = -j**3 - 17*j**2 + 13*j + 8. Let d be (25/3 - 6)*3. Let z(c) = c**3 + 18*c**2 - 13*c - 7. Let g(a) = d*q(a) + 6*z(a). Give g(-12).
2
Let n = 64729/8 + -8091. Let g(f) be the third derivative of 0*f + n*f**4 + 0 - 5*f**2 - 1/2*f**3. Give g(2).
3
Let x(d) = -d**2 - 9*d + 12. Let z(m) = 2*m**2 - 23*m + 22. Let y be z(11). Let t be y*(-5 + 7)/(-2). Determine x(t).
-10
Let c(i) = i**2 + 9*i - 7. Suppose 4*m + 13*m + 163 = -24. What is c(m)?
15
Let j be (-184)/(-48) + 2/12. Suppose -5*g - 20 = 0, 0 = j*p + g + 44 - 12. Let m(q) = -q**3 - 8*q**2 - 6*q + 10. Give m(p).
3
Let a(p) = p**3 - 12*p**2 + 9*p - 5. Let n(r) = 6. Let w(q) = a(q) + 5*n(q). Give w(11).
3
Suppose -2*v - 18 = -14. Let w be -3*(-2 - v*(-15)/(-10)). Let d(o) = -o**3 - 4*o**2 + 3*o - 1. Give d(w).
-19
Let h(a) be the first derivative of a**4/2 - 23*a**3/3 + 14*a**2 + 24*a + 151. Let f be h(10). Let j(l) = -l**2 + 3*l + 3*l - 4 - 2*l. Give j(f).
-4
Let u(y) = y**2 - 9*y + 18. Let s be u(7). Let b(k) = k - s*k + 2*k. Calculate b(-2).
2
Let h = -20 + 22. Let b(m) = -10*m - m**h + 9*m + 6*m - 1 - 1. Let o be (80/(-8))/(-3*(-25)/(-30)). Calculate b(o).
2
Let y(m) = 2*m**2 + 57*m + 80. Let x be y(-28). Let j(a) = x*a**2 - a + 1 - 102*a**2 + 51*a**2. Calculate j(-3).
13
Let l(x) = x**3 + 61*x**2 - 26*x**2 - 48*x**2 + 17 - 16*x. Give l(14).
-11
Suppose -4*s = -4*b - 61 + 13, 2*b - 4*s = -34. Let a(f) be the first derivative of 1/2*f**2 - f - 201. What is a(b)?
-8
Let z(a) = -a**2 + 10*a - 3. Let l be z(7). Suppose -l*t = -13*t. Suppose t = -7*b + 7. Let d(s) = 6*s + 1. Calculate d(b).
7
Suppose -5*r = 5*d - 25, 0 = 9*d - 10*d - 3. Let w(b) = b**3 - 7*b**2 - 6*b - 17. Give w(r).
-1
Suppose c + 5 + 0 = 0. Let n(j) be the third derivative of -1/120*j**6 - 76*j**2 - 1/24*j**4 - 2 - 7/6*j**3 + 0*j - 1/12*j**5. Calculate n(c).
-2
Suppose 8*p + 91 = 91. Let w(b) = 0*b + b + 4 - 17 + p*b. Give w(14).
1
Let f(p) be the first derivative of -9*p**4/4 - p**3/3 + p**2/2 + 2065. Let t be ((-2 - 1)/(-3))/(-1 + 2). What is f(t)?
-9
Suppose 8*j - 3 = 11*j. Let g(l) = 10*l**3 + 2*l**2 - 2*l - 3. Let u be g(j). Let z(f) = -f - 4. Let c be z(u). Let y(r) = r**3 - 4*r**2 - 7*r + 2. Give y(c).
-8
Let u(d) = 4*d**2 + 2*d - 1. Let k(t) = t + 8. Let s be k(-3). Suppose s = 11*g - 6. Let r be -2 + (g - -2 - 0)/1. Determine u(r).
5
Suppose 0 = 2*h - 7*h + 15. Let f(q) = 6*q**2 + q**3 - 1 + 5*q + 0*q**h - 1. Let i = -494 + 489. Calculate f(i).
-2
Let a(m) = -m**3 + 2*m**2 + 7*m + 8. Let h be a(4). Let y(s) = h*s + 56 - s - 68. What is y(8)?
12
Let k(t) = -2*t + 3. Let c(g) = -g**2 - 3*g + 5. Let l be 15*(6 + -11)/15. Let q be c(l). Determine k(q).
13
Let y(a) be the second derivative of 7*a**4/6 - a**3/2 - 2*a**2 - 632*a. Determine y(-1).
13
Let c(x) = x**2 - 2*x - 2. Let i be c(-1). Suppose 2*p = 7 - i. Suppose -2*z + p*t - 12 = 2*t, 4 = t. Let v(a) = a + 2. What is v(z)?
-2
Let d(u) = -u + 9. Let y be -11 - (70/22 + 26/(-143)). Let z be 12 + (-1 - 5)/(y - -16). Calculate d(z).
0
Let b(g) = 43*g - 5 + 0 + 1 - 42*g. Let p(z) = -z**3 + 5*z**2. Let f be 18/3 + (4 - 5). Let q be p(f). What is b(q)?
-4
Let t(b) = b**3 - 9*b**2 - 2*b - 38. Let k(y) = -y**2. Let g(i) = 3*k(i) - t(i). Calculate g(7).
3
Let b(i) = -i**2 - 68*i - 627. Let w be b(-57). Let k(r) be the first derivative of w*r + 19 - 3/2*r**2. Determine k(-6).
18
Let y(k) = -k**2 + 3*k - 1. Let a(h) = -62*h - 989. Let m be a(-16). Give y(m).
-1
Let i(p) be the second derivative of -5*p**3/6 + 47*p**2 + 697*p. Give i(17).
9
Let x(f) = -f**3 - f**2 - 3. Let m(p) = -2*p**2 + 38*p + 39. Let y be m(20). Let z(l) = 7*l**3 - l**2 - 10*l + 28. Let w(v) = y*z(v) - 6*x(v). Give w(8).
6
Let z = 10021 + -10045. Let b(s) = -s**3 - 22*s**2 + 44*s - 91. Determine b(z).
5
Let l(m) = m**2. Let h(o) = -4*o**2 - 5*o + 9. Let c(g) = h(g) + 5*l(g). Calculate c(2).
3
Let a(t) = -t**2 + 26*t - 106. Let f be a(5). Let x(i) = -i**3 + i**2 - i. Let v(g) = 7*g**3 - 7*g**2 + 6*g - 2. Let h(r) = f*v(r) - 6*x(r). Give h(3).
-16
Let m(c) = 4*c**2 - 6*c. Let r be m(4). Suppose 0 = -2*f + 7*f - r. Let h(x) = 52*x + 38*x - 170*x + 42*x - 6 + 39*x. Give h(f).
2
Let m(v) = 2*v**2 - 8*v - 4. Suppose 26*i = -16 + 68. Suppose -2*a - 4*p + 24 = 0, -5*a + i*p + 15 = -3*p. Calculate m(a).
20
Let r(m) be the third derivative of 0*m + 0 + 14*m**2 - 1/8*m**4 + 2/3*m**3. Let s be 32/2 + (-42 - -33). Calculate r(s).
-17
Let p(b) = b**3 + 5*b**2 + b + 7. Let o be p(-5). Let z(k) be the first derivative of -1/2*k**2 + 80 + 4/3*k**3 - k. What is z(o)?
13
Suppose -32*r + 36*r = 4. Let g(w) = 60*w + 66. Let y(p) = p + 1. Let a(m) = 4*g(m) - 264*y(m). Calculate a(r).
-24
Let a(v) = v**3 - 8*v**2 - 41*v + 83. Let y be a(11). Let f(h) = -h**3 - 5*h**2 + h + 13. Calculate f(y).
8
Let x be ((-6)/20)/(19 - 22)*-5*0. Let n(u) = u**2 + 3*u + 52. What is n(x)?
52
Let w = 11769 - 11759. Let h(i) = -18*i + 179. Determine h(w).
-1
Let n(l) be the first derivative of -59 - 2*l**3 + 2*l**2 + 6*l + 1/4*l**4. Suppose -2*h = -h - 5. What is n(h)?
1
Let w(x) = -30 + 31 + 0 - 8*x + x**3 - 5*x**2. Suppose 6*h - 30 = h. Let z be (-6)/((-3)/h*2). Calculate w(z).
-11
Let v(l) be the third derivative of 173*l**4/24 + 517*l**3/3 - 261*l**2 - 3*l - 3. Calculate v(-6).
-4
Let t(i) be the first derivative of 4*i**2 + 98*i - 3795. Determine t(-6).
50
Let m(n) be the second derivative of 1 + 1/2*n**4 + 8*n + 1/20*n**5 + 0*n**3 - 7/2*n**2. Determine m(-5).
18
Let u(b) = 36*b + 1508. Let t be u(-42). Let l(y) = 104*y**2 + 417*y. What is l(t)?
-4
Let r(u) = 7*u**2 + 7*u - 14. Let m be r(3). Let w(y) = 51 - m + 26*y**2 - 25*y**2 + 11*y. Give w(-13).
7
Let c(y) = 7*y + 21. Suppose 7*t - 2 = d + 4*t, 0 = -4*d + 4*t - 32. Let j be c(d). Let n = -54 - j. Let v(l) = l**3 - 2*l**2 - l - 1. Calculate v(n).
-3
Let p(z) = 10*z + 1. Let t be 0 + -6 + (20 - 11). Suppose 2*w + w = -t. What is p(w)?
-9
Let b(u) be the third derivative of -17*u**4/24 + 4*u**3/3 + 7*u**2 - 142*u + 3. What is b(1)?
-9
Suppose -5*a - 3*s = s - 31, a = 3*s + 10. Suppose -2*u + 2*g = -a*u, 11 = 3*u - g. Let m(q) = 10*q + 6*q - 19*q + u*q - 2. Give m(0).
-2
Let n(w) = -5*w**3 - 2*w**2 + w + 2. Suppose 0 = -a + 4*m + 28, 0 = -27*a + 23*a + 2*m + 56. Suppose 0*o = a*o + 12. Determine n(o).
4
Let z(g) = -17*g + 28*g - 7 - 7*g. Let w(k) be the second derivative of k**3/3 + 3*k**2/2 - 7*k. Let v be w(1). Calculate z(v).
13
Let x be -9*(-130)/90 + -3. Let y(m) = -15*m + 142. What is y(x)?
-8
Suppose 5*y + 21 = 3*z + 7*y, z - 6*y - 7 = 0. Let h(p) be the third derivative of p**4/24 - 7*p**3/6 - 32*p**2. Calculate h(z).
0
Let l = -255434 + 255419. Let x(a) = -11*a - 62. Let k(u) = 6*u + 31. Let w(p) = -7*k(p) - 4*x(p). Give w(l).
1
Let u(l) = -l**2 - 13*l - 23. Let z(o) = 2*o**2 + 25*o + 41. Let b(y) = 5*u(y) + 3*z(y). Calculate b(-9).
-1
Suppose 36 = 2*f + 3*q, 2*f - 4*q - 3051 = -2987. Let u(c) = -c + 18. Determine u(f).
-6
Let x = -6469 + 6471. Let t(o) = -6*o**2 + 4*o - 2. Give t(x).
-18
Let g(j) be the first derivative of -j - 7/2*j**2 + 29. Calculate g(2).
-15
Let k be (0 + -1